atest common factor of 14 and h.
14
Let r = 6 - 6. Suppose -20 = -2*a - r. What is the highest common divisor of a and 2?
2
Let p(h) = h + 9. Let t be p(10). Let i = t - 17. What is the highest common divisor of i and 3?
1
Let w = 80 + 41. Calculate the greatest common factor of w and 11.
11
Suppose 9*j - 36 = 6*j. Let i = -161 + 440. Suppose 2*d = -0*z - 5*z + i, 543 = 4*d + 5*z. What is the highest common divisor of j and d?
12
Let s be (0 - -2)/(4/32). Suppose 400 = -j + 6*j. Calculate the highest common factor of j and s.
16
Let s be 8/6*-3 + 24. Calculate the greatest common factor of s and 50.
10
Let l = -2 + 5. What is the highest common factor of 3 and l?
3
Let s be (5 + 964/16)/(2/8). What is the greatest common factor of s and 9?
9
Suppose -5*p = 0, -4*u + 47 + 13 = p. Suppose g = -4*g + u. What is the highest common divisor of 2 and g?
1
Suppose -6*l = -12*l + 102. Suppose -74 = -4*d - 6. What is the greatest common divisor of l and d?
17
Let l = 133 - 77. Let z(o) = -o. Let p be z(-4). Suppose p*y = 4*k + 52, 3*y - 4*k - 26 = 12. What is the highest common divisor of y and l?
14
Let u(i) = 23*i - 3. Let v be u(1). What is the greatest common divisor of 20 and v?
20
Let t = 0 + 2. Suppose t*x = 5*x. Suppose x = -3*p + 7*p - 88. What is the highest common divisor of 11 and p?
11
Let u be 8 + -1 + (-20)/10. Suppose -5*z - 25 = 0, 3*k + 2*z - 15 - u = 0. What is the highest common factor of k and 40?
10
Let o = -70 - -187. What is the highest common factor of 13 and o?
13
Suppose 0 = 3*k + 3*c + 159 - 1668, -20 = -5*c. Suppose k + 51 = 5*w. What is the greatest common factor of w and 10?
10
Let n be 1 + 0 + 2 + -3. Let g(x) = x + 15. Let k be g(n). Suppose -5*j + 1 = -24. What is the highest common divisor of j and k?
5
Suppose -2 = g - n - 17, g = 2*n + 19. Calculate the highest common divisor of g and 33.
11
Let g be (3/6)/((-1)/(-12)). Let w(v) = v**3 - 6*v**2 + 2. Let q be w(6). Suppose -14 = -5*l + g, 2*l + q = p. Calculate the highest common divisor of p and 70.
10
Let n(d) = -d**3 - 4*d**2 - 2*d + 4. Let l be n(-3). Let q(r) = -18*r - 2 + 4 - l. Let p be q(-1). Calculate the highest common divisor of 95 and p.
19
Let u(j) = j**2 - 6*j + 1. Let z be u(9). Calculate the greatest common factor of 196 and z.
28
Let m be (-2 - -3)/(-1) + 5. Suppose 5*j = m*q - 27, -4*q + j + 3 + 12 = 0. What is the greatest common divisor of q and 9?
3
Let j be 4/(-10) - (-36)/15. Suppose j = -2*p + 14. Let s = 25 + -1. What is the greatest common divisor of s and p?
6
Let x be 7/14*19*2. Calculate the highest common divisor of 152 and x.
19
Let s(l) = l**3 - 15*l**2 - 17*l + 21. Let w be s(16). What is the greatest common divisor of w and 25?
5
Let a(y) = y**2 - 4 + 0 + 0*y - 2*y. Let n be a(4). Let t = 36 - 12. Calculate the highest common divisor of t and n.
4
Suppose -2*j = -3*j - c + 7, -j + 4*c - 8 = 0. What is the greatest common factor of j and 2?
2
Let l(t) = -t**3 - 8*t**2 - 12*t + 7. Let x be l(-7). What is the greatest common divisor of x and 6?
6
Suppose q + 5 = 6. Let o = -9 + 9. Let s be (16 + o)*(0 + q). What is the greatest common factor of 40 and s?
8
Suppose 0 = -4*u - 2*u + 192. Suppose t = 3, -n - 2*n + 3*t + 3 = 0. What is the highest common factor of u and n?
4
Suppose -209 = -7*t + 351. Suppose 3*k - 6*k = b - 29, b + 1 = 0. Calculate the highest common factor of k and t.
10
Let o(z) = 2*z - 5. Let w be o(4). Let j = w + -3. Let c be (2 - (j - -2)) + 24. What is the greatest common factor of c and 36?
12
Let a = -16 - -22. Let j be (-3)/(-2)*52/a. Let b(u) = -u**3 - u**2 + 39. Let l be b(0). What is the greatest common divisor of j and l?
13
Let j(h) = h**3 - 5*h**2 + 3*h - 2. Let s = 2 + 2. Let d be j(s). Let m be ((-1)/(-2))/((-1)/d). Calculate the highest common factor of m and 12.
3
Suppose 14*y = 25*y - 220. What is the highest common divisor of y and 20?
20
Suppose 4 = h + 4*r, h - 4*r + 4 = 3*h. Suppose h = -4*c + 23 + 1. Calculate the highest common factor of 2 and c.
2
Let g(v) = 9*v**2 - 5*v + 6. Let t be g(2). Suppose -4*j = -11 - 13. Suppose -10 = -o + j. What is the highest common divisor of t and o?
16
Suppose 2192 = 3*n + q - 1384, 2*n - 2397 = -5*q. Suppose -5*p - 151 + n = 0. Calculate the highest common factor of p and 26.
26
Suppose -2*q + 6 = q. Suppose q*t - 38 = -2. What is the highest common divisor of 6 and t?
6
Let m = -461 - -205. Let a = -157 - m. What is the highest common factor of 11 and a?
11
Let o = 0 - -3. Let j(l) = 2*l**2 + 3*l - 9. Let p be j(-6). Suppose -2*g - o*g = -p. What is the greatest common divisor of 63 and g?
9
Suppose -6*n - 117 = -9*n. Let h = 57 - n. Calculate the greatest common factor of h and 126.
18
Suppose -k - 3*q = -21 + 9, 0 = -2*k + q + 24. Suppose -4*t - 37 = -1. Let z(o) = -o - 3. Let j be z(t). What is the highest common factor of j and k?
6
Let w(b) = b - 5. Let y be w(11). Let u = 79 + -31. What is the highest common divisor of y and u?
6
Suppose -4*z - t = -113, -z - 2*t + 52 = 3*t. Calculate the greatest common factor of 108 and z.
27
Let b be ((-30)/9)/((-2)/96). Let x = -7 - -12. Suppose -30 = -x*t + 70. What is the highest common divisor of t and b?
20
Let b(s) = s**2 + 7*s + 9. Suppose 3*o - o = 30. Suppose 5*i + 15 = -o. Let x be b(i). Calculate the highest common factor of 33 and x.
3
Suppose 0 = -c + 5*l + 14, -l - 2 = c + 2. Let z(n) = n + 2. Let f be z(c). What is the greatest common factor of f and 9?
1
Let c be 2/5 + 423/(-45). Let u(w) = w**3 + 10*w**2 + 9*w + 11. Let o be u(c). Calculate the highest common divisor of 121 and o.
11
Let o be (-7)/(-9) - (-2)/9. What is the highest common divisor of 11 and o?
1
Let z be (-123)/(-9) + 2/6. Let b be (-12)/(-7)*z/(-2). Let w be (-8)/b - (-25)/3. Calculate the greatest common factor of w and 45.
9
Let m = -67 - -75. What is the greatest common divisor of m and 20?
4
Let m(q) = 88*q**2 - q + 1. Let d be m(1). Suppose 0 = -0*y - y + 11. Calculate the highest common divisor of y and d.
11
Let t(q) = 2*q**2 - 8*q - 2. Let p be t(7). Let y = -7 + 15. Calculate the highest common divisor of y and p.
8
Suppose -10 = 5*k - 80. Calculate the highest common divisor of k and 126.
14
Let s = 1 - -8. Calculate the highest common divisor of s and 45.
9
Suppose l = -4*l + 20. Suppose 4*o + k - 36 = 2*k, -4 = -2*o + l*k. Calculate the highest common factor of o and 70.
10
Let j = -45 - -87. Let y(r) = r**3 - 2*r**2 - 2*r - 2. Let v be y(5). Calculate the greatest common divisor of v and j.
21
Let h = 627 - 351. Suppose 2*a + h = 6*a. What is the greatest common factor of a and 23?
23
Let o be 2*(-1)/((-2)/(-3)). Let u be (2 - 0 - -36) + o. Let c = -6 + 11. What is the highest common divisor of u and c?
5
Suppose 0 = 9*g - 49 - 446. What is the greatest common divisor of 22 and g?
11
Suppose 4*u = d + 169 + 67, -5*u = d - 304. Calculate the greatest common factor of 15 and u.
15
Let c(z) = -6*z - 3. Let w be c(-6). Suppose 0 = x - w + 8. What is the highest common divisor of 225 and x?
25
Let q = 155 - 78. Suppose -w = -10 - 1. What is the highest common factor of w and q?
11
Let t be 4*7*(-55)/(-10). What is the highest common factor of t and 14?
14
Suppose -9*o - 88 = -529. Calculate the greatest common divisor of 14 and o.
7
Let r(z) = -8*z - 14. Let q be r(-3). Calculate the greatest common divisor of q and 15.
5
Let z = 3 + 54. Suppose i = -2*i + z. Calculate the highest common factor of i and 38.
19
Suppose 3*n = 10 - 28. Let u be -15*8/n - 0. What is the highest common divisor of u and 30?
10
Suppose 2*g = -2*r + 38, 5*r - 3*g - 83 = -5*g. What is the greatest common divisor of 6 and r?
3
Suppose -12 = 122*j - 128*j. Let m(w) = -w**2 - 6*w. Let g be m(-6). Let p = 1 + g. Calculate the highest common divisor of j and p.
1
Suppose -6*k + 2*k + 22 = -l, 2*k - 6 = -2*l. Let m(j) = 28*j - 4. Let c be m(k). What is the highest common factor of c and 17?
17
Let y be 8/4 - 0/1. Suppose 0 = -w - 2*p - 2*p + 47, -y*w - 2*p + 64 = 0. What is the greatest common factor of 18 and w?
9
Suppose -85 = -4*r + w + 2*w, 2*r - 40 = 4*w. Calculate the highest common factor of 11 and r.
11
Suppose -4 + 2 = -h. Let b be (10/(-8))/(h/(-24)). Suppose -3*z - 86 = -266. What is the highest common divisor of z and b?
15
Let d be ((-4)/(-6